+ 4*o**2 + 7. Let i(d) be the second derivative of t(d). Calculate i(-5).
6
Let v(o) = o - 15*o**2 + 0*o + 7*o**2 + 2 + 7*o**2. Determine v(2).
0
Let k be (2 + 18/(-8))/(5/(-80)). Let o(f) = f**3 - 5*f**2 + 3*f + 5. What is o(k)?
1
Let a = -234 + 227. Let z(d) = 2*d**2 + 8*d - 1. Calculate z(a).
41
Let n(i) = -i**2 - 8*i + 3. Let b be (-2)/(-7) - (-1 - (-78)/(-21)). Suppose b*w + 64 - 19 = 0. Determine n(w).
-6
Suppose 11*r = 8*r + 15. Suppose r*p = -0*p + 30. Let u(b) = 4 - 2*b**2 + 3*b + 6 - p + b**2. Determine u(5).
-6
Let q(t) = t**2 + 2*t + 1. Let y(x) = x**3 + x + 1. Let a(v) = 2*v + 3. Let u be a(-2). Let c(l) = u*y(l) + q(l). What is c(2)?
-2
Let p(b) = 3*b + 55. Let y be p(-20). Let a(j) = -14*j**2 - 26*j - 29. Let w(c) = 5*c**2 + 9*c + 10. Let l(x) = -4*a(x) - 11*w(x). Give l(y).
6
Let o be 6 + (-6)/3 - 0. Suppose o*m - 5*m + 5 = 0. Let k be (m + -1)/(3 - 1). Let b(l) = l**3 - 2*l**2 - l + 2. What is b(k)?
0
Let c(v) = v**3 - 3*v**2 - 2*v. Let y be 3/((-3)/(-9) - 18/(-27)). Calculate c(y).
-6
Let r(h) = 3*h**2 + 19*h + 4. Let m(z) = -z**2 - 4*z + 1. Let d(l) = -2*l**2 - 7*l + 3. Let k(q) = 2*d(q) - 5*m(q). Let n(w) = 7*k(w) - 2*r(w). What is n(-3)?
-4
Let j(f) = f**2 - 20 - 6*f + 25 - 2*f**2. Let s = -1 - 5. Determine j(s).
5
Let u(o) be the first derivative of o**4/4 + 2*o**3 - 4*o**2 - 7*o + 103. Calculate u(-7).
0
Let b(d) = 11*d + 2. Let m be (-17)/34 - 1/2. Give b(m).
-9
Suppose 4*q = 4*h - 12, -6*h + 9*h = -2*q - 16. Let u(b) be the second derivative of b**4/12 + b**3/2 - 3*b**2/2 + 4*b. Determine u(q).
7
Let u(x) = -x + 36. Let l be u(12). Let o = l + -22. Let c(j) = j**2 - 8*j**3 - o - j + 1 + 16*j**3. Give c(-1).
-7
Let m = -231 - -237. Let v(p) be the first derivative of -p**4/4 + 2*p**3 + p**2/2 + 2. What is v(m)?
6
Let m(x) = 15*x**3 + 3*x**2 - 6*x - 1. Let p(k) = 7*k**3 + k**2 - 3*k - 1. Let q(y) = 6*m(y) - 13*p(y). Suppose 0 = -66*t + 148*t - 492. Give q(t).
-11
Let h(n) be the first derivative of n**2/2 - 5*n - 3. Let j(m) = -4*m**3 + m**2. Let g be j(-1). What is h(g)?
0
Suppose -2*f = 10, 0 = -z - 5*f + 5 - 27. Let g(o) = -2*o**3 + 3*o**2 + 5*o - 4. Determine g(z).
-16
Let y = -91/76 + 37/19. Let o(l) be the first derivative of -3/2*l**2 - 3*l + 2/3*l**3 + 5 + y*l**4. Give o(-2).
-13
Let a be 2/5 + (170/(-50) - 2). Let b(c) = -5*c**2 + 5 + 8 + 8*c**2 - 15*c. Let r(t) = 2*t**2 - 8*t + 7. Let h(z) = 3*b(z) - 5*r(z). Give h(a).
4
Let t(m) be the second derivative of 0 + 3/2*m**2 - 1/12*m**4 - 6*m - 5/6*m**3. Determine t(-4).
7
Let i(h) = -9 + 2*h**2 + 3*h**2 + 0*h**2 + 8*h - 15*h**2 + 9*h**2. Calculate i(8).
-9
Suppose 0 = 5*d + 2 - 12. Let k(m) = d*m**2 + 6*m + m - 2*m - 8 + 33. Let c(h) = -h**2 - 2*h - 12. Let f(x) = -5*c(x) - 2*k(x). Calculate f(0).
10
Let a(b) be the second derivative of -2/3*b**3 - 1/20*b**5 - 5/12*b**4 + 0 - 3*b + 1/2*b**2. Let w be ((-4)/(-12))/((-2)/18). Give a(w).
-5
Suppose -70*z = -450 + 100. Let o(f) = -5*f + 26. Calculate o(z).
1
Suppose 7*s - 2*w - 55 = 2*s, w = -2*s + 22. Suppose 6*v = 7 + s. Let j(d) = 2*d**2 - 3. Give j(v).
15
Let o = 88 - 85. Let b(g) = 5 + 8*g**2 + 7*g - o + 12*g**2 - 21*g**2. What is b(8)?
-6
Let b(f) = -5*f - 13. Let j be b(-9). Let z = j - 23. Let o(r) = -9*r + 5 + r + z*r. Give o(4).
9
Let x(y) = 5*y**2 - 2 - 15*y**2 + 4*y**2 + 3 + 5*y**2 - y. Calculate x(-4).
-11
Let w(s) be the second derivative of -s**8/3360 + s**7/1260 + s**6/360 - s**5/120 + s**4 - 5*s. Let a(k) be the third derivative of w(k). Determine a(-2).
19
Let c(m) = m**3 + 3*m**2 - 2*m - 1. Let v = 33 + -21. Suppose -2*p - 2*p = v. Determine c(p).
5
Let o(x) = -2*x - 68. Let d be o(-35). Let l(u) = -2*u**3 + 3*u - 2. Calculate l(d).
-12
Suppose 2*z + z - w + 4 = 0, -20 = 5*z - 5*w. Suppose 2*v = -2 - z. Let a(o) = -4*o. Determine a(v).
4
Let m(x) = x**3 - 7*x**2 - x + 14. Suppose 4*r + 411 = 439. What is m(r)?
7
Suppose 5*i - 5*l - 90 = 0, 10*l + 10 = 15*l. Let b(g) = g**3 - 20*g**2 - 2*g + 31. Determine b(i).
-9
Let p = -100 - -124. Suppose -5*w - 2*l = 2, -3*w + w + 5*l = p. Let t(n) = -3*n**3 - n**2 - 2. Calculate t(w).
18
Let w(d) = 10*d - 6. Let v(r) = 3*r - 2. Let t(s) = -7*v(s) + 2*w(s). Let k = -92 - -92. Suppose 2*z - 3 = 3*o, -2*o - 3*z + k*z = 15. Calculate t(o).
5
Suppose 0 = -3*i - 5*x - 16, x - 3 + 11 = i. Let u(p) = 2 + 3*p - 2*p - 6*p. What is u(i)?
-13
Suppose 0 = 20*i - 27*i + 70. Suppose -i*p = -16*p - 12. Let n(r) = 2*r. Determine n(p).
-4
Let k(x) = -x**3 + 8*x**2 - x + 10. Let i(j) = 83*j**3 - 2*j**2 - 2*j + 3. Let l be i(1). Let p = -74 + l. Give k(p).
2
Let d(c) be the third derivative of c**4/24 + c**2. Let u(q) = -q**2 - 7*q. Let o(w) = -3*d(w) - u(w). Give o(-5).
5
Let j(r) = -2234 + 4541 - 6*r - 2247. Calculate j(11).
-6
Suppose 5*j - 6*j - 6 = 0. Let b(t) = 7*t**3 - 7*t**2 + 5*t + 5. Let k(s) = -13*s**3 + 14*s**2 - 10*s - 10. Let n(o) = j*k(o) - 11*b(o). Determine n(6).
-1
Let g(x) = x**2 - 3*x - 1. Let d(j) = -2*j**2 + 8*j + 3. Let o be (3 - (-18)/(-3)) + 2 + 9. Let w(u) = o*g(u) + 3*d(u). What is w(-2)?
9
Let b(d) = 5 - 7 - 22 + 10*d. Let y(i) be the third derivative of i**4/8 - 4*i**3/3 + 18*i**2. Let g(f) = -2*b(f) + 7*y(f). Determine g(4).
-4
Let d(p) = -17 - 16 + p - 6 + 52 - 6. Determine d(-16).
-9
Let f = 3 - 0. Let a(n) = -2*n + 5 + 1 - 6*n**2 + 0. Let m(v) = -5*v**2 - v + 5. Let d(o) = 4*a(o) - 5*m(o). Give d(f).
-1
Let i(g) = g**3 - 3*g**2 - 3*g + 4. Let p = -29 + 8. Let s = p + 17. Let m = s + 7. Give i(m).
-5
Let c(u) = u + 1. Let z = 15 - 14. Suppose 4*f - z = 3*j, 5*j - f = -4 + 25. Suppose 3*k + j = s - 0*k, -2*s - 14 = 2*k. What is c(s)?
-3
Let n(c) = 2*c + 5. Let t(z) = 3*z + 1. Let j(k) = n(k) - 2*t(k). What is j(2)?
-5
Let f be (30/(-25))/(6/40). Let s(c) = c**3 + 7*c**2 - 5*c + 7. What is s(f)?
-17
Let s be 24/(-8)*(-5)/3. Let w(h) = h**3 - 6*h**2 + 8*h - 4. Calculate w(s).
11
Let u(v) be the first derivative of -v**4/2 + v**3/3 + v**2 + 3*v + 90. Determine u(-2).
19
Let n(k) = -k - 18. Let s be n(-6). Let y be (18/s)/(9/12). Let c(t) = -1 + 3*t + 2 - 2 - 5*t - 2*t**2. Calculate c(y).
-5
Suppose x - 2 = -y, 5*y + 34 = 5*x + 2*y. Suppose 3*a - x*o = 15, 6*a + 2*o - 20 = 2*a. Let t(w) = -4*w + 6. What is t(a)?
-14
Let c(w) = -13*w + 1. Let y be c(2). Let p = y + 31. Let k(i) = 2*i**2 + 5*i - 16. Let v(q) = -q**2 - 3*q + 8. Let l(d) = 6*k(d) + 11*v(d). Calculate l(p).
10
Let s(i) = -4*i**3 - 4*i**2 + 9*i + 7. Let b(p) = p**3 - p. Suppose 9*q + 1 + 8 = 0. Let t(r) = q*s(r) - 3*b(r). Give t(-5).
-2
Suppose -3*o = -0*o - 15. Let a be 3/2 - (-122)/4. Suppose -o*i = -a + 2. Let h(c) = -c**2 + 8*c - 7. Calculate h(i).
5
Suppose -3 = a - 4. Let j(v) be the first derivative of v**4/6 + v**3/6 + 11*v + 4. Let u(f) be the first derivative of j(f). Give u(a).
3
Let q(f) = -5*f - 20. Let c = 19 + -24. Let u be q(c). Let b(z) = -10*z + u*z + 8*z - z**2. Give b(6).
-18
Let u(t) = -2*t**2 + 14*t + 27. Let l(p) = -p**2 + 7*p + 13. Let k(n) = -7*l(n) + 3*u(n). Let d = -42790 - -42798. Give k(d).
-2
Let g(n) = n - 4 + 6*n + 0 - 9*n. Suppose 5*f + 14 + 41 = 0. Let a = 14 + f. Calculate g(a).
-10
Suppose -20 = 4*f + k + 26, 3*f + 44 = 4*k. Suppose 5*s - 3 = 7. Let j be (-1 - -2)/(s/f). Let c(p) = p + 5. What is c(j)?
-1
Let y(q) be the second derivative of -q**5/20 - 2*q**4/3 - q**3/2 + 17*q**2/2 - 307*q. What is y(-7)?
-11
Let l(b) = -149*b**3 - 2*b**2 + 293*b**3 + 7 - 143*b**3 - 5*b. What is l(3)?
1
Let y(g) = 0 + 1 + 3*g**2 - g**3 + 0 + 4*g**2 - 6*g**2. What is y(0)?
1
Let n(x) = -3*x + 5. Let s(u) = -10*u + u + 3*u - 7*u + 19. Let r(z) = -9*n(z) + 2*s(z). Give r(5).
-2
Let p = 2140 - 2145. Let z(j) = -j**3 - 3*j**2 + 10*j - 7. Give z(p).
-7
Let p(d) = -6*d**2 - 10*d - 81. Let c(v) = 19*v**2 + 31*v + 259. Let r(g) = -5*c(g) - 16*p(g). Suppose -4*q - q - 25 = 0. Determine r(q).
1
Let s = 2 - 7. Let u = -2 - s. Let q(f) be the third derivative of -f**4/24 - 4*f**2 - 2. Give q(u).
-3
Let c(a) = a**2 + a + 4. Let b be c(0). Suppose -4*m + 3*m - 7 = 5*i, 3*m = 2*i - b. Let l be (1 + 1/i)/2. Let x(s) = s + 6. Calculate x(l).
6
Let z(k) = -k - 1. Let h(y) = -y. Let p(s) = 5*h(s) - 6*z(s). Determine p(-10).
-4
Suppose 4*s + s = 10. Suppose -a = s*a. Let f(x) = 4*x**2 - 6*x**2 - 3*x + 4*x**2 - 4 + a. What is f(3)?
5
Let u = 99/2 - 49. Let y(j) be the first derivative of j - 